*2 + 3. Suppose -2 = -4*u - 14. What is a(u)?
-6
Let d(q) = -3*q + 3. Let v(g) = 6*g**3 - 2*g - 1. Let n be v(-1). Let m be n/3*3*-1. Give d(m).
-12
Let c(p) = 4*p**3 + p**2 - 2*p + 1. Let t be c(1). Suppose 3*n + 14 = -t*s - 0, -4*n = -s - 13. Let a(h) = -7*h + n*h + 3 - 4. Determine a(1).
-6
Suppose 5*n - 1 = 9. Suppose -n*f = -0*k + k - 1, -2*k = -4*f + 14. Let y(t) = -t + 2. Determine y(f).
0
Let o(s) be the third derivative of -s**2 - 1/60*s**5 + 0 + 2/3*s**3 + 0*s + 1/12*s**4. Suppose 3*a = -4*c + 21, c = -4*c - 2*a + 21. Determine o(c).
1
Let s(o) = o**3 + 7*o**2 + 5*o + 2. Let t be s(-6). Let c = t + -5. Let v(r) = -r**3 + 4*r**2 - 3*r + 4. Calculate v(c).
4
Let p = -75 + 78. Let f(h) = 2*h**3 - 5*h**2 + 2*h - 1. What is f(p)?
14
Let o(y) = -3*y - 3. Let d be 0 - (4 - 1) - (-1 - -4). Determine o(d).
15
Let n(q) be the third derivative of q**6/120 + 7*q**5/60 + q**4/3 - q**3/6 + 2*q**2. Determine n(-6).
-13
Suppose 0 = -p + 7 - 0. Let l = p + -2. Suppose -9 - 12 = k + l*o, 2*k + 3*o + 7 = 0. Let x(y) = -y**3 + 4*y**2 + y + 2. Calculate x(k).
6
Let b(q) = 6*q - 3*q**2 + 2 + 0*q - 4*q. Let c = 0 - -3. Let g = -1 + c. What is b(g)?
-6
Let q be ((-42)/(-9))/((-10)/(-15)). Let z(u) = -u - 5. Give z(q).
-12
Let w be 2*1*(-2)/(-4). Let l(m) be the second derivative of -1/2*m**2 + m + 0*m**4 + 0*m**3 + 1/20*m**5 + 0. Determine l(w).
0
Let n(v) = -6*v - 2. Suppose 5*p = 3*p + 12. Let g(q) = -q**3 + 5*q**2 + 7*q - 8. Let j be g(p). Determine n(j).
10
Let a(h) = -h. Let b(x) = -8*x + 4. Let o(j) = 6*a(j) - b(j). Let m = -18 - -24. Suppose -2*v + m*v + 3*t - 28 = 0, 36 = 5*v + 4*t. Give o(v).
4
Let a(f) = -f**2 + 6*f - 5. Let m be (-12)/9*(-6)/2. Give a(m).
3
Let a be (3/(-12) + 30/(-8))/(-1). Let g(k) = 3*k + 3. Calculate g(a).
15
Let o = -48 - -46. Let x(z) = z**3 + z**2 + 2*z + 1. Calculate x(o).
-7
Let r be (20/(-8))/(1/2). Let h = 7 + r. Let a(g) = -h - g + 3*g - 4. Calculate a(5).
4
Let p(s) = -s**3 - 2*s**2 - 2*s - 2. Let m(u) = u**2 - 2*u. Let d be m(2). Suppose 5*i + 4 = -6. Let z be 0 + (d - 0) + i. Determine p(z).
2
Let a = 2 + 3. Let o(u) = -u - 5. Let h be o(-7). Let f(w) = -3*w + 4 - 2*w - w**2 + h*w**2. Determine f(a).
4
Let r(f) = -53*f + 59*f - 9*f**2 + 3 + f**3 - 2 + f**2. Give r(7).
-6
Let p be (-3)/(-1) + 2/(-1). Let t(d) = -2*d + 4. Let g(a) = 3. Let s(b) = -3*g(b) + 3*t(b). Let k(v) = 1. Let x(j) = -2*k(j) + s(j). What is x(p)?
-5
Let c(s) = s**2 - 5*s + 3. Let g be ((-50)/15)/(4/(-6)). Let k be c(g). Let z(b) = b**3 - 2*b**2 - b + 1. Calculate z(k).
7
Let l(j) be the third derivative of -j**7/840 - j**6/90 - j**5/40 - j**4/6 + j**3/6 - 3*j**2. Let a(r) be the first derivative of l(r). What is a(-3)?
-4
Let t(s) = 2*s + 3. Let z = -102 + 99. Determine t(z).
-3
Let v(f) = 6*f + 9*f - 1 + f**3 - f**2 - 17*f. What is v(3)?
11
Let k(s) = -s**2 + 1. Let f(o) = -2*o**2 + 6*o + 4. Let t be (-1)/1 + 0 + 0. Let g(x) = t*f(x) + k(x). Give g(5).
-8
Let l(z) = z**3 + 6*z**2 + 6*z + 1. Suppose 3*w + m - 18 = 0, -5*w - 2*m + 1 = -6*w. Suppose 0 = -w*d + 4*v - 28, -4*d - 4*v - 1 = 7. Calculate l(d).
9
Let x(n) = -n**3 - 5*n**2 + 6*n + 2. Suppose 5*d + 40 = -5*j, 3*d + 3*j + 18 = d. What is x(d)?
2
Suppose -13 + 3 = -5*s. Let g(k) = -s*k**2 + k**3 - 2*k - 5*k**2 + 3*k**2 + 3. Calculate g(4).
-5
Let p(m) = -m**3 - m**2 + m - 3. Let d(v) be the first derivative of -2*v - 1/2*v**2 - 3. Let j be d(-2). Give p(j).
-3
Let h(a) = a + 1. Let n be h(6). Let i be (-27)/21 - (-2)/n. Let r(m) = -m**2 - 2*m + 2. Let w(u) = 2*u**2 + 5*u - 5. Let c(b) = 5*r(b) + 2*w(b). Give c(i).
-1
Let y(o) = 4*o**3 - 3*o**2 + 2. Let n(w) = 9*w**3 - 7*w**2 + w + 5. Let s(x) = -3*n(x) + 7*y(x). Calculate s(-2).
-3
Let r(q) be the first derivative of -11*q**3/3 + 27*q**2/2 + 14*q - 7. Let u(t) = 5*t**2 - 13*t - 7. Let k(i) = 6*r(i) + 13*u(i). Give k(-5).
3
Let v(q) be the third derivative of q**8/20160 + q**7/840 + 7*q**6/720 + q**5/20 - 4*q**2. Let o(m) be the third derivative of v(m). Determine o(-6).
7
Let q(y) = 8*y - 1 + y**2 - y**3 - 2*y - 5*y. Let h(f) = 0 + f + 2 - 7. Let r be h(6). What is q(r)?
0
Let r(h) = 2*h**2 - 2*h + 2. Let a = 4 - -1. Suppose 5*t = -2*p - 15, -a*t = p + 2*p + 25. Let m be 24/10 + 4/p. Calculate r(m).
6
Let z be 38/8 - 2/(-8). Let j(r) = 6*r - 4. Let q(h) = -2*h + 1. Let y(k) = 6*j(k) + 17*q(k). Determine y(z).
3
Let u(x) be the first derivative of x**4/2 + x**3 + 2*x**2 + 3*x - 21. Calculate u(-2).
-9
Let q(o) = o**2 + 7*o + 2. Let z be q(-7). Let v(t) = -t**2 - 3*t - 7. Let u(d) = d**2 + 4*d + 8. Let m(i) = 5*u(i) + 6*v(i). Give m(z).
-2
Let l(x) be the third derivative of x**8/20160 - x**7/1008 + x**6/120 + x**5/15 + x**2. Let u(o) be the third derivative of l(o). Determine u(4).
2
Let w(f) = 2*f - 5. Let b = -10 - -15. Calculate w(b).
5
Let l = -9 + 5. Let x(m) = -8*m + 0 - 2 + 7*m. Give x(l).
2
Let i(d) = 4*d**2 - 2*d - 2. Let o(m) = -3*m**2 + 2*m + 1. Let x(v) = -2*i(v) - 3*o(v). Let j be (5/(-1))/(3/(-6)). Let w = -7 + j. Calculate x(w).
4
Let v(i) = i**2 - 10*i - 14. Let j(l) = 2*l**2 - 10*l - 15. Let u(n) = -2*j(n) + 3*v(n). What is u(-8)?
4
Let g(p) = -p**3 + 6*p**2 + 5. Let f(x) = -x**3 + 5*x**2 + 6*x + 6. Let c be f(6). Determine g(c).
5
Let g(j) = j**2 + 4*j - 5. Let a be g(-5). Let n(r) = -r**2 + 5*r**3 + 2*r**3 - r - 3*r**3 - 5 - 3*r**3. Calculate n(a).
-5
Suppose 2*x - 10 = -2*l, -5*l - x = -6 - 15. Let h(b) be the second derivative of -1/20*b**5 + 0 + 0*b**l - 1/6*b**3 + 2*b + b**2. Determine h(2).
-8
Let l be 18/27 + 17/(-3). Let u(h) = -h**3 - 6*h**2 - 5*h - 1. Determine u(l).
-1
Let h(y) = -y**2 + 3*y - 3. Suppose 0 = 4*c - 4, 2*v - 4*v + 5*c = -1. Calculate h(v).
-3
Let s(r) be the third derivative of r**5/60 + r**4/6 + r**3/3 + 26*r**2. Give s(-5).
7
Let b(o) = -5 - 651*o + 0 + 656*o - o**3 + 6*o**2. Give b(6).
25
Let g(w) be the second derivative of w**4/2 + w**3/6 + 2*w. Give g(1).
7
Let a(x) be the third derivative of -x**5/60 + x**4/3 - 3*x**3/2 - 3*x**2 - 3*x. Suppose -5*i = 5*j - 45, 3*i - 3*j - 6 = 3. Determine a(i).
3
Let d(x) = -1 + x + 1 - 1 + 0*x. Suppose 1 = 2*a - 3. Let o be 2/(-2) + (6 - a). Calculate d(o).
2
Let z be 144/66 + 4/(-22). Let i(m) = m**2 - 1. What is i(z)?
3
Suppose -u + 7 + 2 = z, -2*u = -3*z + 2. Let k(s) = z*s**2 + 5*s - 6*s + 0*s - s**3 + 4. Determine k(4).
0
Suppose s = -3*s - 5*f + 36, 0 = -5*s - 3*f + 32. Let q(v) = 4 + 2 - s - v. Calculate q(-5).
7
Let s(h) = h**2 + 4*h + 3. Let k(l) = -2 - 1 - 2 + l. Suppose 2*x + 8 = 2*g - 6*g, 3*x + 12 = 3*g. Let c be k(g). Calculate s(c).
8
Let q(m) = m**2 + 3*m - 4. Suppose -3*l - 5 = 4. Give q(l).
-4
Let h(d) = -350*d. Let j(f) = 25*f. Let o(a) = 6*h(a) + 85*j(a). Give o(1).
25
Let l(w) = w**3 + 6*w**2 + 5*w - 5. Let h(v) = v**3 - 7*v**2 - v + 6. Let z be h(7). Let k = -4 + z. Determine l(k).
-5
Let b(l) = -l**3 + 6*l**2 + 6. Let j(x) = -5*x**3 + 3*x**2 - x - 1. Let h be j(2). Let w = -25 - h. Determine b(w).
6
Let d(i) = -i**3 - 4*i**2 - 2*i. Let l(z) = z**2 - 4*z - 1. Let q be l(3). Calculate d(q).
8
Let j(b) = b**3 - b**2 - 7. Let y(c) = c**3 - c**2 - c + 1. Let s be y(2). Let x be (-2)/6 + 1/s. Determine j(x).
-7
Let x(i) be the second derivative of -i**4/12 + 3*i**2/2 + 29*i - 1. Let l be (-2)/2 - (-1)/1. Calculate x(l).
3
Let x = -31 - -21. Let i = 9 + x. Let s(l) = 3*l**2 + 0*l - l - 8*l**2. What is s(i)?
-4
Let p(o) be the first derivative of -o**2 + 5*o + 2. Suppose -4*j + 5*d = 1, 4*j = -0*j + 4*d + 4. Calculate p(j).
-7
Let l(b) = b**2 + b. Suppose v + 10 = 5*h - 11, h = -2*v - 20. Let q = 7 + v. Calculate l(q).
12
Suppose 0 = -4*y - 3*r - 9, 0 = 4*y - r + 29 - 0. Let w(a) be the first derivative of a**2/2 - 2*a + 1. Determine w(y).
-8
Let p(k) = -k**3 - k**2 - 2. Let z be p(-2). Let g(o) be the first derivative of -1/4*o**4 - 2 + 1/3*o**3 + 1/2*o**2 - 2*o. Determine g(z).
-4
Let a(p) be the second derivative of p**4/24 + p**3/3 + p**2/2 + p. Let q(u) be the first derivative of a(u). Give q(-5).
-3
Let x(s) = 7*s + s**3 + 3 + 21*s**2 - 11*s**2 - 18*s**2. Determine x(7).
3
Let d(o) = -3*o + 6*o - o**2 + 7 - 4. Let z be d(5). Let n be 2/z + 36/28. Let c(m) = 5*m. Calculate c(n).
5
Suppose 0 = -2*c - 1 + 13. Let q(f) be the third derivative of -2*f**2 - 1/20*f**5 + 1/120*f**c + 1/3*f**3 - 1/24*f**4 + 0*f + 0. Give q(2).
-4
Let i = 4 